git of 702261523?
6
What is the hundreds digit of 5999903336?
3
What is the hundred thousands digit of 53551614?
5
What is the units digit of 33951532?
2
What is the ten millions digit of 681386348?
8
What is the tens digit of 155628938?
3
What is the hundreds digit of 1372855550?
5
What is the units digit of 1473287201?
1
What is the thousands digit of 45364927?
4
What is the units digit of 360889281?
1
What is the millions digit of 21679891?
1
What is the thousands digit of 5450224?
0
What is the millions digit of 255473736?
5
What is the hundred millions digit of 211994516?
2
What is the millions digit of 1601558126?
1
What is the ten millions digit of 379678425?
7
What is the hundred thousands digit of 243447693?
4
What is the thousands digit of 15928445?
8
What is the thousands digit of 151053055?
3
What is the ten millions digit of 668463945?
6
What is the hundred millions digit of 123064204?
1
What is the hundred thousands digit of 87743129?
7
What is the thousands digit of 93493370?
3
What is the millions digit of 310179837?
0
What is the tens digit of 2152090355?
5
What is the hundreds digit of 16361948?
9
What is the ten thousands digit of 734385041?
8
What is the ten millions digit of 31385582?
3
What is the ten millions digit of 1454229374?
5
What is the hundred millions digit of 149820262?
1
What is the ten millions digit of 82550936?
8
What is the thousands digit of 743083982?
3
What is the units digit of 25379328?
8
What is the tens digit of 67547401?
0
What is the hundred millions digit of 150587403?
1
What is the ten millions digit of 3790487153?
9
What is the tens digit of 234136137?
3
What is the hundred thousands digit of 31802643?
8
What is the ten millions digit of 153994473?
5
What is the ten millions digit of 231145160?
3
What is the ten millions digit of 5739516052?
3
What is the millions digit of 180918308?
0
What is the units digit of 482547037?
7
What is the ten millions digit of 236765118?
3
What is the millions digit of 114350938?
4
What is the hundred thousands digit of 278270137?
2
What is the hundred thousands digit of 92830852?
8
What is the ten thousands digit of 30194971?
9
What is the millions digit of 56337617?
6
What is the millions digit of 2948727596?
8
What is the thousands digit of 2355227814?
7
What is the hundreds digit of 79432704?
7
What is the ten millions digit of 208610773?
0
What is the ten millions digit of 12866230?
1
What is the tens digit of 879283762?
6
What is the hundred thousands digit of 58904109?
9
What is the hundred thousands digit of 2885001709?
0
What is the hundreds digit of 2427931883?
8
What is the ten thousands digit of 801288?
0
What is the hundred millions digit of 295412362?
2
What is the millions digit of 989218794?
9
What is the millions digit of 8001777?
8
What is the ten thousands digit of 47217371?
1
What is the tens digit of 115721932?
3
What is the ten millions digit of 1581103067?
8
What is the hundred millions digit of 3948927224?
9
What is the ten thousands digit of 50539664?
3
What is the units digit of 55309718?
8
What is the hundred thousands digit of 2390967754?
9
What is the millions digit of 54495546?
4
What is the tens digit of 177216658?
5
What is the ten thousands digit of 262717374?
1
What is the ten millions digit of 74470594?
7
What is the ten millions digit of 88211276?
8
What is the millions digit of 78087707?
8
What is the thousands digit of 48572005?
2
What is the tens digit of 63272574?
7
What is the units digit of 85966189?
9
What is the thousands digit of 895239658?
9
What is the billions digit of 3415328075?
3
What is the hundred thousands digit of 64781578?
7
What is the tens digit of 76607677?
7
What is the ten thousands digit of 177563302?
6
What is the tens digit of 26649809?
0
What is the tens digit of 56003627?
2
What is the units digit of 869676199?
9
What is the hundred thousands digit of 390969556?
9
What is the tens digit of 136274199?
9
What is the ten thousands digit of 81128895?
2
What is the hundred thousands digit of 137993747?
9
What is the hundred millions digit of 3095035040?
0
What is the hundreds digit of 694204625?
6
What is the hundreds digit of 59545920?
9
What is the billions digit of 1438670673?
1
What is the ten millions digit of 112987183?
1
What is the tens digit of 1015906794?
9
What is the ten thousands digit of 139023225?
2
What is the thousands digit of 4930634?
0
What is the ten thousands digit of 2253874570?
7
What is the units digit of 950268372?
2
What is the hundred thousands digit of 51311114?
3
What is the ten millions digit of 249749771?
4
What is the hundred thousands digit of 816560004?
5
What is the tens digit of 168650472?
7
What is the hundred thousands digit of 483604533?
6
What is the ten millions digit of 56805758?
5
What is the millions digit of 293670993?
3
What is the ten millions digit of 3667358574?
6
What is the hundreds digit of 274126138?
1
What is the tens digit of 37576608?
0
What is the hundred thousands digit of 878508588?
5
What is the millions digit of 7415386231?
5
What is the tens digit of 4069435339?
3
What is the hundred millions digit of 438928496?
4
What is the ten thousands digit of 3912488697?
8
What is the tens digit of 6069026481?
8
What is the billions digit of 1655551992?
1
What is the ten millions digit of 309768495?
0
What is the units digit of 201307313?
3
What is the millions digit of 536355160?
6
What is the billions digit of 5265319003?
5
What is the ten thousands digit of 3005644135?
4
What is the hundred millions digit of 1170862941?
1
What is the hundreds digit of 212528570?
5
What is the hundreds digit of 7919466297?
2
What is the units digit of 171270111?
1
What is the ten thousands digit of 76987242?
8
What is the hundreds digit of 86419832?
8
What is the ten millions digit of 175509985?
7
What is the hundred thousands digit of 5551132160?
1
What is the tens digit of 1631353860?
6
What is the millions digit of 111066359?
1
What is the hundred thousands digit of 500028688?
0
What is the thousands digit of 39712510?
2
What is the hundreds digit of 32366712?
7
What is the millions digit of 94141777?
4
What is the units digit of 1705371660?
0
What is the hundred thousands digit of 4722084156?
0
What is the tens digit of 21359036?
3
What is the ten millions digit of 7099717051?
9
What is the hundred millions digit of 327925149?
3
What is the thousands digit of 100240748?
0
What is the millions digit of 164180018?
4
What is the millions digit of 402876606?
2
What is the ten millions digit of 735699765?
3
What is the billions digit of 1475802306?
1
What is the millions digit of 56713520?
6
What is the hundred millions digit of 246371757?
2
What is the millions digit of 297773511?
7
What is the ten millions digit of 55722631?
5
What is the hundred thousands digit of 8830310?
8
What is the hundred thousands digit of 354819131?
8
What is the millions digit of 16158113?
6
What is the hundred thousands digit of 53605777?
6
What is the ten thousands digit of 86247118?
4
What is the thousands digit of 539200859?
0
What is the ten thousands digit of 51669182?
6
What is the tens digit of 58551338?
3
What is the units digit of 43863665?
5
What is the millions digit of 2618261445?
8
What is the thousands digit of 543516163?
6
What is the units digit of 2619477174?
4
What is the ten millions digit of 1070058737?
7
What is the hundred thousands digit of 26490550?
4
What is the millions digit of 224949683?
4
What is the millions digit of 3119014232?
9
What is the hundreds digit of 100507441?
4
What is the millions digit of 2265941184?
5
What is the hundred millions digit of 912140836?
9
What is the ten millions digit of 40302917?
4
What is the units digit of 64565908?
8
What is the ten millions digit of 164798744?
6
What is the millions digit of 895674490?
5
What is the billions digit of 1046115728?
1
What is the hundred millions digit of 341250312?
3
What is the hundreds digit of 1040615104?
1
What is the thousands digit of 303943349?
3
What is the ten thousands digit of 83838690?
3
What is the thousands digit of 231498796?
8
What is the thousands digit of 2150930866?
0
What is the units digit of 46599208?
8
What is the ten thousands digit of 67875307?
7
What is the ten mil